{"id":7499,"date":"2024-01-31T12:23:18","date_gmt":"2024-01-31T11:23:18","guid":{"rendered":"https:\/\/usurbil1936.eus\/andatza-p\/"},"modified":"2024-04-09T17:16:48","modified_gmt":"2024-04-09T15:16:48","slug":"andatza-p","status":"publish","type":"page","link":"https:\/\/usurbil1936.eus\/es\/rutas\/ruta-de-la-memoria-de-andatza\/andatza-p\/","title":{"rendered":"Andatza (P)"},"content":{"rendered":"\n<h2 class=\"wp-block-heading\"><strong><strong>El frente de Andatza de 1936<\/strong><\/strong><\/h2>\n\n\n\n<p>El denominado frente de Andatza se organiz\u00f3 principalmente para defender la capital \u2013Donostia\u2013 y dificultar el avance de las tropas golpistas hacia el oeste de Gipuzkoa. Para finales de agosto de 1936, la posici\u00f3n estaba ya muy protegida por un sistema de trincheras<strong>*<\/strong>, cercados de alambradas y dispon\u00eda, asimismo, de ca\u00f1ones que hab\u00edan sido acarreados con carros de bueyes desde el monte Belkoain y Donostia..<\/p>\n\n\n\n<p>Contaba con una tropa republicana importante. Los soldados que lucharon en defensa de la Rep\u00fablica proven\u00edan, mayormente, de la zona de Bilbo y tambi\u00e9n de Errenteria, Donostia, Eibar e, incluso, de Asturias. Los milicianos de Usurbil les prove\u00edan de apoyo log\u00edstico y realizaban labores de informaci\u00f3n y comunicaci\u00f3n.<\/p>\n\n\n\n<div style=\"height:30px\" aria-hidden=\"true\" class=\"wp-block-spacer\"><\/div>\n\n\n\n<figure class=\"wp-block-image size-large\"><img loading=\"lazy\" decoding=\"async\" width=\"1024\" height=\"598\" src=\"https:\/\/usurbil1936.eus\/wp-content\/uploads\/2024\/01\/andatza_1-1024x598.jpeg\" alt=\"\" class=\"wp-image-7280\" srcset=\"https:\/\/usurbil1936.eus\/wp-content\/uploads\/2024\/01\/andatza_1-1024x598.jpeg 1024w, https:\/\/usurbil1936.eus\/wp-content\/uploads\/2024\/01\/andatza_1-300x175.jpeg 300w, https:\/\/usurbil1936.eus\/wp-content\/uploads\/2024\/01\/andatza_1-768x449.jpeg 768w, https:\/\/usurbil1936.eus\/wp-content\/uploads\/2024\/01\/andatza_1.jpeg 1104w\" sizes=\"auto, (max-width: 1024px) 100vw, 1024px\" \/><figcaption class=\"wp-element-caption\">Referencia a los combates de Andatza en eldiario \u2018Euzkadi\u2019 del 8\/9\/1936<\/figcaption><\/figure>\n\n\n\n<div style=\"height:30px\" aria-hidden=\"true\" class=\"wp-block-spacer\"><\/div>\n\n\n\n<div class=\"wp-block-columns is-layout-flex wp-container-core-columns-is-layout-28f84493 wp-block-columns-is-layout-flex\">\n<div class=\"wp-block-column is-layout-flow wp-block-column-is-layout-flow\" style=\"flex-basis:66.66%\">\n<p>Si bien los primeros disparos tuvieron lugar el 2 de setiembre, las ofensivas del teniente coronel golpista Pablo Cayuela comenzaron el 5. La posici\u00f3n de Andatza cay\u00f3 en sus manos el 16 de setiembre, a los cuatro d\u00edas de iniciarse la evacuaci\u00f3n de Donostia.<br><br>Aquellos cruentos enfrentamientos que se prolongaron durante once d\u00edas dejaron docenas de heridos y muertos. En el lado de los defensores de la Rep\u00fablica hemos documentado 19 fallecidos y 55 heridos. Por el contrario, no hemos conseguido datos concretos de las bajas sufridas en el de los golpistas. Es de destacar que el comandante Kandido Saseta que se encarg\u00f3 de formar el Euzko Gudarostea (Ej\u00e9rcito Vasco) result\u00f3 herido en el frente de Andatza el 5 de setiembre de 1936.<\/p>\n<\/div>\n\n\n\n<div class=\"wp-block-column is-layout-flow wp-block-column-is-layout-flow\" style=\"flex-basis:33.33%\">\n<figure class=\"wp-block-image size-full\"><img loading=\"lazy\" decoding=\"async\" width=\"335\" height=\"578\" src=\"https:\/\/usurbil1936.eus\/wp-content\/uploads\/2024\/01\/andtaza_2-e1706704547951.jpeg\" alt=\"\" class=\"wp-image-7282\" srcset=\"https:\/\/usurbil1936.eus\/wp-content\/uploads\/2024\/01\/andtaza_2-e1706704547951.jpeg 335w, https:\/\/usurbil1936.eus\/wp-content\/uploads\/2024\/01\/andtaza_2-e1706704547951-174x300.jpeg 174w\" sizes=\"auto, (max-width: 335px) 100vw, 335px\" \/><figcaption class=\"wp-element-caption\"><a href=\"https:\/\/usurbil1936.eus\/gudalekuak\/andatzako-lubakiak\/\">Comandante Kandido Saseta <\/a><\/figcaption><\/figure>\n<\/div>\n<\/div>\n\n\n\n<p><strong>(*)<\/strong> <em>En este recorrido se pueden visitar algunas de las trincheras restauradas tras la investigaci\u00f3n arqueol\u00f3gica realizada entre 2022 y 2023.<\/em><\/p>\n\n\n\n<p><strong>M\u00e1s informaci\u00f3n:<\/strong> <a href=\"https:\/\/usurbil1936.eus\/gudalekuak\/andatzako-lubakiak\/\">https:\/\/usurbil1936.eus\/gudalekuak\/andatzako-lubakiak\/<\/a><\/p>\n\n\n\n<div style=\"height:100px\" aria-hidden=\"true\" class=\"wp-block-spacer\"><\/div>\n","protected":false},"excerpt":{"rendered":"<p>El frente de Andatza de 1936 El denominado frente de Andatza se organiz\u00f3 principalmente para defender la capital \u2013Donostia\u2013 y dificultar el avance de las tropas golpistas hacia el oeste de Gipuzkoa. Para finales de agosto de 1936, la posici\u00f3n estaba ya muy protegida por un sistema de trincheras*, cercados de alambradas y dispon\u00eda, asimismo, [&hellip;]<\/p>\n","protected":false},"author":1,"featured_media":0,"parent":7508,"menu_order":0,"comment_status":"closed","ping_status":"closed","template":"page-ibilbidea.php","meta":{"footnotes":""},"class_list":["post-7499","page","type-page","status-publish","hentry"],"acf":[],"_links":{"self":[{"href":"https:\/\/usurbil1936.eus\/es\/wp-json\/wp\/v2\/pages\/7499","targetHints":{"allow":["GET"]}}],"collection":[{"href":"https:\/\/usurbil1936.eus\/es\/wp-json\/wp\/v2\/pages"}],"about":[{"href":"https:\/\/usurbil1936.eus\/es\/wp-json\/wp\/v2\/types\/page"}],"author":[{"embeddable":true,"href":"https:\/\/usurbil1936.eus\/es\/wp-json\/wp\/v2\/users\/1"}],"replies":[{"embeddable":true,"href":"https:\/\/usurbil1936.eus\/es\/wp-json\/wp\/v2\/comments?post=7499"}],"version-history":[{"count":17,"href":"https:\/\/usurbil1936.eus\/es\/wp-json\/wp\/v2\/pages\/7499\/revisions"}],"predecessor-version":[{"id":7566,"href":"https:\/\/usurbil1936.eus\/es\/wp-json\/wp\/v2\/pages\/7499\/revisions\/7566"}],"up":[{"embeddable":true,"href":"https:\/\/usurbil1936.eus\/es\/wp-json\/wp\/v2\/pages\/7508"}],"wp:attachment":[{"href":"https:\/\/usurbil1936.eus\/es\/wp-json\/wp\/v2\/media?parent=7499"}],"curies":[{"name":"wp","href":"https:\/\/api.w.org\/{rel}","templated":true}]}}

<h2 class="wp-block-heading"><strong><strong>El frente de Andatza de 1936</strong></strong></h2>



<p>El denominado frente de Andatza se organizó principalmente para defender la capital –Donostia– y dificultar el avance de las tropas golpistas hacia el oeste de Gipuzkoa. Para finales de agosto de 1936, la posición estaba ya muy protegida por un sistema de trincheras<strong>*</strong>, cercados de alambradas y disponía, asimismo, de cañones que habían sido acarreados con carros de bueyes desde el monte Belkoain y Donostia..</p>



<p>Contaba con una tropa republicana importante. Los soldados que lucharon en defensa de la República provenían, mayormente, de la zona de Bilbo y también de Errenteria, Donostia, Eibar e, incluso, de Asturias. Los milicianos de Usurbil les proveían de apoyo logístico y realizaban labores de información y comunicación.</p>



<div style="height:30px" aria-hidden="true" class="wp-block-spacer"></div>



<figure class="wp-block-image size-large"><img loading="lazy" decoding="async" width="1024" height="598" src="https://usurbil1936.eus/wp-content/uploads/2024/01/andatza_1-1024x598.jpeg" alt="" class="wp-image-7280" srcset="https://usurbil1936.eus/wp-content/uploads/2024/01/andatza_1-1024x598.jpeg 1024w, https://usurbil1936.eus/wp-content/uploads/2024/01/andatza_1-300x175.jpeg 300w, https://usurbil1936.eus/wp-content/uploads/2024/01/andatza_1-768x449.jpeg 768w, https://usurbil1936.eus/wp-content/uploads/2024/01/andatza_1.jpeg 1104w" sizes="auto, (max-width: 1024px) 100vw, 1024px" /><figcaption class="wp-element-caption">Referencia a los combates de Andatza en eldiario ‘Euzkadi’ del 8/9/1936</figcaption></figure>



<div style="height:30px" aria-hidden="true" class="wp-block-spacer"></div>



<div class="wp-block-columns is-layout-flex wp-container-core-columns-is-layout-28f84493 wp-block-columns-is-layout-flex">
<div class="wp-block-column is-layout-flow wp-block-column-is-layout-flow" style="flex-basis:66.66%">
<p>Si bien los primeros disparos tuvieron lugar el 2 de setiembre, las ofensivas del teniente coronel golpista Pablo Cayuela comenzaron el 5. La posición de Andatza cayó en sus manos el 16 de setiembre, a los cuatro días de iniciarse la evacuación de Donostia.<br><br>Aquellos cruentos enfrentamientos que se prolongaron durante once días dejaron docenas de heridos y muertos. En el lado de los defensores de la República hemos documentado 19 fallecidos y 55 heridos. Por el contrario, no hemos conseguido datos concretos de las bajas sufridas en el de los golpistas. Es de destacar que el comandante Kandido Saseta que se encargó de formar el Euzko Gudarostea (Ejército Vasco) resultó herido en el frente de Andatza el 5 de setiembre de 1936.</p>
</div>



<div class="wp-block-column is-layout-flow wp-block-column-is-layout-flow" style="flex-basis:33.33%">
<figure class="wp-block-image size-full"><img loading="lazy" decoding="async" width="335" height="578" src="https://usurbil1936.eus/wp-content/uploads/2024/01/andtaza_2-e1706704547951.jpeg" alt="" class="wp-image-7282" srcset="https://usurbil1936.eus/wp-content/uploads/2024/01/andtaza_2-e1706704547951.jpeg 335w, https://usurbil1936.eus/wp-content/uploads/2024/01/andtaza_2-e1706704547951-174x300.jpeg 174w" sizes="auto, (max-width: 335px) 100vw, 335px" /><figcaption class="wp-element-caption"><a href="https://usurbil1936.eus/gudalekuak/andatzako-lubakiak/">Comandante Kandido Saseta </a></figcaption></figure>
</div>
</div>



<p><strong>(*)</strong> <em>En este recorrido se pueden visitar algunas de las trincheras restauradas tras la investigación arqueológica realizada entre 2022 y 2023.</em></p>



<p><strong>Más información:</strong> <a href="https://usurbil1936.eus/gudalekuak/andatzako-lubakiak/">https://usurbil1936.eus/gudalekuak/andatzako-lubakiak/</a></p>



<div style="height:100px" aria-hidden="true" class="wp-block-spacer"></div>

<p>El frente de Andatza de 1936 El denominado frente de Andatza se organizó principalmente para defender la capital –Donostia– y dificultar el avance de las tropas golpistas hacia el oeste de Gipuzkoa. Para finales de agosto de 1936, la posición estaba ya muy protegida por un sistema de trincheras*, cercados de alambradas y disponía, asimismo, [&hellip;]</p>
