{"id":7513,"date":"2024-02-07T13:49:18","date_gmt":"2024-02-07T12:49:18","guid":{"rendered":"https:\/\/usurbil1936.eus\/rutas\/ruta-de-la-memoria-de-andatza\/trinchera-t2\/"},"modified":"2024-03-18T10:36:51","modified_gmt":"2024-03-18T09:36:51","slug":"trinchera-t2","status":"publish","type":"page","link":"https:\/\/usurbil1936.eus\/es\/rutas\/ruta-de-la-memoria-de-andatza\/trinchera-t2\/","title":{"rendered":"Trinchera (T2)"},"content":{"rendered":"\n<h2 class=\"wp-block-heading\"><strong>T-2 trinchera <\/strong><\/h2>\n\n<p>Aqu\u00ed tenemos <strong>la trinchera mejor conservada<\/strong> del sistema defensivo de Andatza Se compone de dos trincheras, formando una \u201cT\u201d de 8 x 5 metros. La primera, con orientaci\u00f3n este-oeste, servir\u00eda de defensa y ataque. La segunda, orientada del sur al norte, se unir\u00eda arriba con otra trinchera, pero esa uni\u00f3n ha desaparecido.   <\/p>\n\n<p>A principios de agosto de 1936, milicianos de la localidad y del exterior fortificaron el monte Andatza y sus alrededores con diversas trincheras, trazando una larga l\u00ednea defensiva en Usurbil. Seg\u00fan recog\u00eda el diario Euzkadi, el 29 de agosto de 1936, <strong>la l\u00ednea defensiva creada para proteger la ciudad donostiarra de los fascistas ten\u00eda 50 kil\u00f3metros y la de Usurbil era parte de ella.<\/strong> <\/p>\n\n<figure class=\"wp-block-image size-large\"><img loading=\"lazy\" decoding=\"async\" width=\"913\" height=\"1024\" src=\"https:\/\/usurbil1936.eus\/wp-content\/uploads\/2024\/03\/EUZKADI-29081936-913x1024.png\" alt=\"\" class=\"wp-image-7409\" srcset=\"https:\/\/usurbil1936.eus\/wp-content\/uploads\/2024\/03\/EUZKADI-29081936-913x1024.png 913w, https:\/\/usurbil1936.eus\/wp-content\/uploads\/2024\/03\/EUZKADI-29081936-268x300.png 268w, https:\/\/usurbil1936.eus\/wp-content\/uploads\/2024\/03\/EUZKADI-29081936-768x861.png 768w, https:\/\/usurbil1936.eus\/wp-content\/uploads\/2024\/03\/EUZKADI-29081936.png 973w\" sizes=\"auto, (max-width: 913px) 100vw, 913px\" \/><\/figure>\n\n<div style=\"height:30px\" aria-hidden=\"true\" class=\"wp-block-spacer\"><\/div>\n\n<p>En las excavaciones realizadas se han encontrado pocos objetos en comparaci\u00f3n con otras trincheras: algunos casquillos de fusil Mauser espa\u00f1ol y peque\u00f1os fragmentos de vidrio. Probablemente la situaci\u00f3n en pendiente y la importante intervenci\u00f3n forestal realizada desde la guerra han eliminado muchos restos. <\/p>\n\n<div style=\"height:30px\" aria-hidden=\"true\" class=\"wp-block-spacer\"><\/div>\n\n<figure class=\"wp-block-image size-full\"><img loading=\"lazy\" decoding=\"async\" width=\"433\" height=\"451\" src=\"https:\/\/usurbil1936.eus\/wp-content\/uploads\/2024\/03\/Balazorroak-T2.jpg\" alt=\"\" class=\"wp-image-7458\" srcset=\"https:\/\/usurbil1936.eus\/wp-content\/uploads\/2024\/03\/Balazorroak-T2.jpg 433w, https:\/\/usurbil1936.eus\/wp-content\/uploads\/2024\/03\/Balazorroak-T2-288x300.jpg 288w\" sizes=\"auto, (max-width: 433px) 100vw, 433px\" \/><\/figure>\n\n<p>Sin embargo, esta trinchera constituy\u00f3 un punto estrat\u00e9gico importante para la defensa. Est\u00e1 orientada hacia el oeste, concretamente para permitir el control de los montes Belkoain y Buruntza que fueron conquistados por las tropas rebeldes a finales de agosto. Esa parte del frente qued\u00f3 fijada durante quince d\u00edas, hasta la retirada de las tropas republicanas tras la toma de Donostia.  <\/p>\n","protected":false},"excerpt":{"rendered":"<p>T-2 trinchera Aqu\u00ed tenemos la trinchera mejor conservada del sistema defensivo de Andatza Se compone de dos trincheras, formando una \u201cT\u201d de 8 x 5 metros. La primera, con orientaci\u00f3n este-oeste, servir\u00eda de defensa y ataque. La segunda, orientada del sur al norte, se unir\u00eda arriba con otra trinchera, pero esa uni\u00f3n ha desaparecido. A [&hellip;]<\/p>\n","protected":false},"author":1,"featured_media":0,"parent":7508,"menu_order":0,"comment_status":"closed","ping_status":"closed","template":"page-ibilbidea.php","meta":{"footnotes":""},"class_list":["post-7513","page","type-page","status-publish","hentry"],"acf":[],"_links":{"self":[{"href":"https:\/\/usurbil1936.eus\/es\/wp-json\/wp\/v2\/pages\/7513","targetHints":{"allow":["GET"]}}],"collection":[{"href":"https:\/\/usurbil1936.eus\/es\/wp-json\/wp\/v2\/pages"}],"about":[{"href":"https:\/\/usurbil1936.eus\/es\/wp-json\/wp\/v2\/types\/page"}],"author":[{"embeddable":true,"href":"https:\/\/usurbil1936.eus\/es\/wp-json\/wp\/v2\/users\/1"}],"replies":[{"embeddable":true,"href":"https:\/\/usurbil1936.eus\/es\/wp-json\/wp\/v2\/comments?post=7513"}],"version-history":[{"count":5,"href":"https:\/\/usurbil1936.eus\/es\/wp-json\/wp\/v2\/pages\/7513\/revisions"}],"predecessor-version":[{"id":7535,"href":"https:\/\/usurbil1936.eus\/es\/wp-json\/wp\/v2\/pages\/7513\/revisions\/7535"}],"up":[{"embeddable":true,"href":"https:\/\/usurbil1936.eus\/es\/wp-json\/wp\/v2\/pages\/7508"}],"wp:attachment":[{"href":"https:\/\/usurbil1936.eus\/es\/wp-json\/wp\/v2\/media?parent=7513"}],"curies":[{"name":"wp","href":"https:\/\/api.w.org\/{rel}","templated":true}]}}

<h2 class="wp-block-heading"><strong>T-2 trinchera </strong></h2>

<p>Aquí tenemos <strong>la trinchera mejor conservada</strong> del sistema defensivo de Andatza Se compone de dos trincheras, formando una “T” de 8 x 5 metros. La primera, con orientación este-oeste, serviría de defensa y ataque. La segunda, orientada del sur al norte, se uniría arriba con otra trinchera, pero esa unión ha desaparecido.   </p>

<p>A principios de agosto de 1936, milicianos de la localidad y del exterior fortificaron el monte Andatza y sus alrededores con diversas trincheras, trazando una larga línea defensiva en Usurbil. Según recogía el diario Euzkadi, el 29 de agosto de 1936, <strong>la línea defensiva creada para proteger la ciudad donostiarra de los fascistas tenía 50 kilómetros y la de Usurbil era parte de ella.</strong> </p>

<figure class="wp-block-image size-large"><img loading="lazy" decoding="async" width="913" height="1024" src="https://usurbil1936.eus/wp-content/uploads/2024/03/EUZKADI-29081936-913x1024.png" alt="" class="wp-image-7409" srcset="https://usurbil1936.eus/wp-content/uploads/2024/03/EUZKADI-29081936-913x1024.png 913w, https://usurbil1936.eus/wp-content/uploads/2024/03/EUZKADI-29081936-268x300.png 268w, https://usurbil1936.eus/wp-content/uploads/2024/03/EUZKADI-29081936-768x861.png 768w, https://usurbil1936.eus/wp-content/uploads/2024/03/EUZKADI-29081936.png 973w" sizes="auto, (max-width: 913px) 100vw, 913px" /></figure>

<div style="height:30px" aria-hidden="true" class="wp-block-spacer"></div>

<p>En las excavaciones realizadas se han encontrado pocos objetos en comparación con otras trincheras: algunos casquillos de fusil Mauser español y pequeños fragmentos de vidrio. Probablemente la situación en pendiente y la importante intervención forestal realizada desde la guerra han eliminado muchos restos. </p>

<div style="height:30px" aria-hidden="true" class="wp-block-spacer"></div>

<figure class="wp-block-image size-full"><img loading="lazy" decoding="async" width="433" height="451" src="https://usurbil1936.eus/wp-content/uploads/2024/03/Balazorroak-T2.jpg" alt="" class="wp-image-7458" srcset="https://usurbil1936.eus/wp-content/uploads/2024/03/Balazorroak-T2.jpg 433w, https://usurbil1936.eus/wp-content/uploads/2024/03/Balazorroak-T2-288x300.jpg 288w" sizes="auto, (max-width: 433px) 100vw, 433px" /></figure>

<p>Sin embargo, esta trinchera constituyó un punto estratégico importante para la defensa. Está orientada hacia el oeste, concretamente para permitir el control de los montes Belkoain y Buruntza que fueron conquistados por las tropas rebeldes a finales de agosto. Esa parte del frente quedó fijada durante quince días, hasta la retirada de las tropas republicanas tras la toma de Donostia.  </p>

<p>T-2 trinchera Aquí tenemos la trinchera mejor conservada del sistema defensivo de Andatza Se compone de dos trincheras, formando una “T” de 8 x 5 metros. La primera, con orientación este-oeste, serviría de defensa y ataque. La segunda, orientada del sur al norte, se uniría arriba con otra trinchera, pero esa unión ha desaparecido. A [&hellip;]</p>
