{"id":7516,"date":"2024-01-31T10:58:24","date_gmt":"2024-01-31T09:58:24","guid":{"rendered":"https:\/\/usurbil1936.eus\/rutas\/ruta-de-la-memoria-de-andatza\/trinchera-t5\/"},"modified":"2024-03-15T18:58:41","modified_gmt":"2024-03-15T17:58:41","slug":"trinchera-t5","status":"publish","type":"page","link":"https:\/\/usurbil1936.eus\/es\/rutas\/ruta-de-la-memoria-de-andatza\/trinchera-t5\/","title":{"rendered":"Trinchera (T5)"},"content":{"rendered":"\n<h2 class=\"wp-block-heading\"><strong>T-5 Trinchera <\/strong><\/h2>\n\n<p>Al igual que el resto de las trincheras de Andatza, esta sirvi\u00f3 para proteger Donostia-San Sebasti\u00e1n en septiembre de 1936. Constituye una de las muestras del sistema defensivo de la \u00e9poca. Actualmente tenemos una formaci\u00f3n aislada de 20 metros, pero su forma nos indica que est\u00e1 conectada al resto del sistema de defensa. Esto se puede apreciar porque a 50 metros al oeste hay otra trinchera.   <\/p>\n\n<p>Por un lado, tenemos una trinchera que mira hacia abajo, hacia el valle del Oria y con orientaci\u00f3n este-oeste. Por otro, como si de una rama se tratase, sale otra trinchera por el norte de la misma. Esta toma la forma de \u201cY\u201d y enfoca a la cima con orientaci\u00f3n norte-sur. <strong>Esta trinchera fue un punto importante para la defensa del monte Andatza.<\/strong>   <\/p>\n\n<figure class=\"wp-block-image size-full\"><img loading=\"lazy\" decoding=\"async\" width=\"703\" height=\"471\" src=\"https:\/\/usurbil1936.eus\/wp-content\/uploads\/2024\/03\/Balazorroak-2.jpg\" alt=\"\" class=\"wp-image-7437\" srcset=\"https:\/\/usurbil1936.eus\/wp-content\/uploads\/2024\/03\/Balazorroak-2.jpg 703w, https:\/\/usurbil1936.eus\/wp-content\/uploads\/2024\/03\/Balazorroak-2-300x201.jpg 300w\" sizes=\"auto, (max-width: 703px) 100vw, 703px\" \/><\/figure>\n\n<div style=\"height:30px\" aria-hidden=\"true\" class=\"wp-block-spacer\"><\/div>\n\n<p>Durante la excavaci\u00f3n arqueol\u00f3gica se han encontrado en ella <strong>m\u00e1s de 200 casquillos<\/strong> del calibre 7,57 mm, munici\u00f3n utilizada por el fusil Mauser espa\u00f1ol.<\/p>\n\n<p>Varios documentos dan fe de que <strong>los enfrentamientos fueron duros<\/strong> en esta zona, entre ellos el que indica que la columna golpista Iruretagoyena repeli\u00f3 un ataque de las tropas republicanas el 7 de septiembre causando y sufriendo bajas o el parte de la columna del Teniente Coronel carlista Cayuela que informa el 19 de setiembre del tiroteo que sufrieron desde las estribaciones del Andatza.<\/p>\n\n<div style=\"height:30px\" aria-hidden=\"true\" class=\"wp-block-spacer\"><\/div>\n\n<figure class=\"wp-block-image size-large\"><img loading=\"lazy\" decoding=\"async\" width=\"1024\" height=\"740\" src=\"https:\/\/usurbil1936.eus\/wp-content\/uploads\/2024\/03\/Borroka-latzak-1024x740.jpg\" alt=\"\" class=\"wp-image-7443\" srcset=\"https:\/\/usurbil1936.eus\/wp-content\/uploads\/2024\/03\/Borroka-latzak-1024x740.jpg 1024w, https:\/\/usurbil1936.eus\/wp-content\/uploads\/2024\/03\/Borroka-latzak-300x217.jpg 300w, https:\/\/usurbil1936.eus\/wp-content\/uploads\/2024\/03\/Borroka-latzak-768x555.jpg 768w, https:\/\/usurbil1936.eus\/wp-content\/uploads\/2024\/03\/Borroka-latzak.jpg 1192w\" sizes=\"auto, (max-width: 1024px) 100vw, 1024px\" \/><\/figure>\n\n<div style=\"height:20px\" aria-hidden=\"true\" class=\"wp-block-spacer\"><\/div>\n\n<div style=\"height:20px\" aria-hidden=\"true\" class=\"wp-block-spacer\"><\/div>\n","protected":false},"excerpt":{"rendered":"<p>T-5 Trinchera Al igual que el resto de las trincheras de Andatza, esta sirvi\u00f3 para proteger Donostia-San Sebasti\u00e1n en septiembre de 1936. Constituye una de las muestras del sistema defensivo de la \u00e9poca. Actualmente tenemos una formaci\u00f3n aislada de 20 metros, pero su forma nos indica que est\u00e1 conectada al resto del sistema de defensa. [&hellip;]<\/p>\n","protected":false},"author":1,"featured_media":0,"parent":7508,"menu_order":0,"comment_status":"closed","ping_status":"closed","template":"page-ibilbidea.php","meta":{"footnotes":""},"class_list":["post-7516","page","type-page","status-publish","hentry"],"acf":[],"_links":{"self":[{"href":"https:\/\/usurbil1936.eus\/es\/wp-json\/wp\/v2\/pages\/7516","targetHints":{"allow":["GET"]}}],"collection":[{"href":"https:\/\/usurbil1936.eus\/es\/wp-json\/wp\/v2\/pages"}],"about":[{"href":"https:\/\/usurbil1936.eus\/es\/wp-json\/wp\/v2\/types\/page"}],"author":[{"embeddable":true,"href":"https:\/\/usurbil1936.eus\/es\/wp-json\/wp\/v2\/users\/1"}],"replies":[{"embeddable":true,"href":"https:\/\/usurbil1936.eus\/es\/wp-json\/wp\/v2\/comments?post=7516"}],"version-history":[{"count":11,"href":"https:\/\/usurbil1936.eus\/es\/wp-json\/wp\/v2\/pages\/7516\/revisions"}],"predecessor-version":[{"id":7527,"href":"https:\/\/usurbil1936.eus\/es\/wp-json\/wp\/v2\/pages\/7516\/revisions\/7527"}],"up":[{"embeddable":true,"href":"https:\/\/usurbil1936.eus\/es\/wp-json\/wp\/v2\/pages\/7508"}],"wp:attachment":[{"href":"https:\/\/usurbil1936.eus\/es\/wp-json\/wp\/v2\/media?parent=7516"}],"curies":[{"name":"wp","href":"https:\/\/api.w.org\/{rel}","templated":true}]}}

<h2 class="wp-block-heading"><strong>T-5 Trinchera </strong></h2>

<p>Al igual que el resto de las trincheras de Andatza, esta sirvió para proteger Donostia-San Sebastián en septiembre de 1936. Constituye una de las muestras del sistema defensivo de la época. Actualmente tenemos una formación aislada de 20 metros, pero su forma nos indica que está conectada al resto del sistema de defensa. Esto se puede apreciar porque a 50 metros al oeste hay otra trinchera.   </p>

<p>Por un lado, tenemos una trinchera que mira hacia abajo, hacia el valle del Oria y con orientación este-oeste. Por otro, como si de una rama se tratase, sale otra trinchera por el norte de la misma. Esta toma la forma de “Y” y enfoca a la cima con orientación norte-sur. <strong>Esta trinchera fue un punto importante para la defensa del monte Andatza.</strong>   </p>

<figure class="wp-block-image size-full"><img loading="lazy" decoding="async" width="703" height="471" src="https://usurbil1936.eus/wp-content/uploads/2024/03/Balazorroak-2.jpg" alt="" class="wp-image-7437" srcset="https://usurbil1936.eus/wp-content/uploads/2024/03/Balazorroak-2.jpg 703w, https://usurbil1936.eus/wp-content/uploads/2024/03/Balazorroak-2-300x201.jpg 300w" sizes="auto, (max-width: 703px) 100vw, 703px" /></figure>

<div style="height:30px" aria-hidden="true" class="wp-block-spacer"></div>

<p>Durante la excavación arqueológica se han encontrado en ella <strong>más de 200 casquillos</strong> del calibre 7,57 mm, munición utilizada por el fusil Mauser español.</p>

<p>Varios documentos dan fe de que <strong>los enfrentamientos fueron duros</strong> en esta zona, entre ellos el que indica que la columna golpista Iruretagoyena repelió un ataque de las tropas republicanas el 7 de septiembre causando y sufriendo bajas o el parte de la columna del Teniente Coronel carlista Cayuela que informa el 19 de setiembre del tiroteo que sufrieron desde las estribaciones del Andatza.</p>

<div style="height:30px" aria-hidden="true" class="wp-block-spacer"></div>

<figure class="wp-block-image size-large"><img loading="lazy" decoding="async" width="1024" height="740" src="https://usurbil1936.eus/wp-content/uploads/2024/03/Borroka-latzak-1024x740.jpg" alt="" class="wp-image-7443" srcset="https://usurbil1936.eus/wp-content/uploads/2024/03/Borroka-latzak-1024x740.jpg 1024w, https://usurbil1936.eus/wp-content/uploads/2024/03/Borroka-latzak-300x217.jpg 300w, https://usurbil1936.eus/wp-content/uploads/2024/03/Borroka-latzak-768x555.jpg 768w, https://usurbil1936.eus/wp-content/uploads/2024/03/Borroka-latzak.jpg 1192w" sizes="auto, (max-width: 1024px) 100vw, 1024px" /></figure>

<div style="height:20px" aria-hidden="true" class="wp-block-spacer"></div>

<div style="height:20px" aria-hidden="true" class="wp-block-spacer"></div>

<p>T-5 Trinchera Al igual que el resto de las trincheras de Andatza, esta sirvió para proteger Donostia-San Sebastián en septiembre de 1936. Constituye una de las muestras del sistema defensivo de la época. Actualmente tenemos una formación aislada de 20 metros, pero su forma nos indica que está conectada al resto del sistema de defensa. [&hellip;]</p>
