{"id":7528,"date":"2024-01-30T13:58:35","date_gmt":"2024-01-30T12:58:35","guid":{"rendered":"https:\/\/usurbil1936.eus\/rutas\/ruta-de-la-memoria-de-andatza\/trinchera-t4\/"},"modified":"2024-04-09T17:12:10","modified_gmt":"2024-04-09T15:12:10","slug":"trinchera-t4","status":"publish","type":"page","link":"https:\/\/usurbil1936.eus\/es\/rutas\/ruta-de-la-memoria-de-andatza\/trinchera-t4\/","title":{"rendered":"Trinchera (T4)"},"content":{"rendered":"\n<h2 class=\"wp-block-heading\"><strong>T-4 trinchera <\/strong><\/h2>\n\n\n\n<div class=\"wp-block-columns is-layout-flex wp-container-core-columns-is-layout-28f84493 wp-block-columns-is-layout-flex\">\n<div class=\"wp-block-column is-layout-flow wp-block-column-is-layout-flow\" style=\"flex-basis:66.66%\">\n<p>Las trincheras de Andatza se han visto muy afectadas por las labores de reforestaci\u00f3n puestas en marcha desde los a\u00f1os 50. Por ese motivo, gran parte del material asociado y su morfolog\u00eda original ha desaparecido. Sin embargo, esta trinchera, situada junto al cortafuegos, es <strong>la que mejor conserv\u00f3 los restos arqueol\u00f3gicos de la guerra.<\/strong>  <\/p>\n\n\n\n<p>Durante la excavaci\u00f3n arqueol\u00f3gica de 2022 <strong>se recuperaron m\u00e1s de 800 piezas<\/strong>. Su naturaleza es variada, aunque el 95,5% del material corresponde a material b\u00e9lico. El 4,5% restante lo componen objetos de la vida cotidiana, como restos de botellas, platos de loza y metal, latas o cubiertos o restos de peri\u00f3dico, pero tambi\u00e9n un lapicero o una alpargata.<\/p>\n<\/div>\n\n\n\n<div class=\"wp-block-column is-layout-flow wp-block-column-is-layout-flow\" style=\"flex-basis:33.33%\">\n<figure class=\"wp-block-image aligncenter size-large is-resized\"><img loading=\"lazy\" decoding=\"async\" width=\"708\" height=\"1024\" src=\"https:\/\/usurbil1936.eus\/wp-content\/uploads\/2024\/03\/Platerak-balak-2-1-708x1024.jpg\" alt=\"\" class=\"wp-image-7417\" style=\"width:400px\" srcset=\"https:\/\/usurbil1936.eus\/wp-content\/uploads\/2024\/03\/Platerak-balak-2-1-708x1024.jpg 708w, https:\/\/usurbil1936.eus\/wp-content\/uploads\/2024\/03\/Platerak-balak-2-1-208x300.jpg 208w, https:\/\/usurbil1936.eus\/wp-content\/uploads\/2024\/03\/Platerak-balak-2-1-768x1110.jpg 768w, https:\/\/usurbil1936.eus\/wp-content\/uploads\/2024\/03\/Platerak-balak-2-1-1062x1536.jpg 1062w, https:\/\/usurbil1936.eus\/wp-content\/uploads\/2024\/03\/Platerak-balak-2-1.jpg 1124w\" sizes=\"auto, (max-width: 708px) 100vw, 708px\" \/><\/figure>\n<\/div>\n<\/div>\n\n\n\n<figure class=\"wp-block-image size-full\"><img loading=\"lazy\" decoding=\"async\" width=\"567\" height=\"542\" src=\"https:\/\/usurbil1936.eus\/wp-content\/uploads\/2024\/03\/t-4-lubakian-1.png\" alt=\"\" class=\"wp-image-7424\" srcset=\"https:\/\/usurbil1936.eus\/wp-content\/uploads\/2024\/03\/t-4-lubakian-1.png 567w, https:\/\/usurbil1936.eus\/wp-content\/uploads\/2024\/03\/t-4-lubakian-1-300x287.png 300w\" sizes=\"auto, (max-width: 567px) 100vw, 567px\" \/><\/figure>\n\n\n\n<p>El lugar en que se ubica esta trinchera es un <strong>punto estrat\u00e9gico<\/strong> para controlar el lado m\u00e1s occidental de sistema defensivo del monte Andatza. Es una posici\u00f3n alta que mira al suroeste con el objetivo de tener control visual sobre el paso de las estribaciones EskalTzu-Ziordia, en el l\u00edmite entre Usurbil y Zizurkil. Serv\u00eda de apoyo central entre las posiciones de los montes Peusgarate y Ondarbiribil, extendi\u00e9ndose la l\u00ednea del frente por las estribaciones del monte hasta Zarateaitz, que le acompa\u00f1ar\u00eda hasta el monte Hernio y m\u00e1s all\u00e1.  <\/p>\n\n\n\n<div style=\"height:30px\" aria-hidden=\"true\" class=\"wp-block-spacer\"><\/div>\n\n\n\n<h3 class=\"wp-block-heading\"><strong>Una posici\u00f3n no conquistada<\/strong><\/h3>\n\n\n\n<p>El estudio documental nos ha mostrado c\u00f3mo los sublevados realizaron varios ataques sobre esta l\u00ednea del frente, pero que no consiguieron tomar la posici\u00f3n. La excavaci\u00f3n arqueol\u00f3gica realizada en esta trinchera indica que las tropas republicanas resistieron con fuerza los asaltos del bando golpista, lo que caus\u00f3 numerosas bajas fascistas. <\/p>\n\n\n\n<p><\/p>\n","protected":false},"excerpt":{"rendered":"<p>T-4 trinchera Las trincheras de Andatza se han visto muy afectadas por las labores de reforestaci\u00f3n puestas en marcha desde los a\u00f1os 50. Por ese motivo, gran parte del material asociado y su morfolog\u00eda original ha desaparecido. Sin embargo, esta trinchera, situada junto al cortafuegos, es la que mejor conserv\u00f3 los restos arqueol\u00f3gicos de la [&hellip;]<\/p>\n","protected":false},"author":1,"featured_media":0,"parent":7508,"menu_order":0,"comment_status":"closed","ping_status":"closed","template":"page-ibilbidea.php","meta":{"footnotes":""},"class_list":["post-7528","page","type-page","status-publish","hentry"],"acf":[],"_links":{"self":[{"href":"https:\/\/usurbil1936.eus\/es\/wp-json\/wp\/v2\/pages\/7528","targetHints":{"allow":["GET"]}}],"collection":[{"href":"https:\/\/usurbil1936.eus\/es\/wp-json\/wp\/v2\/pages"}],"about":[{"href":"https:\/\/usurbil1936.eus\/es\/wp-json\/wp\/v2\/types\/page"}],"author":[{"embeddable":true,"href":"https:\/\/usurbil1936.eus\/es\/wp-json\/wp\/v2\/users\/1"}],"replies":[{"embeddable":true,"href":"https:\/\/usurbil1936.eus\/es\/wp-json\/wp\/v2\/comments?post=7528"}],"version-history":[{"count":2,"href":"https:\/\/usurbil1936.eus\/es\/wp-json\/wp\/v2\/pages\/7528\/revisions"}],"predecessor-version":[{"id":7561,"href":"https:\/\/usurbil1936.eus\/es\/wp-json\/wp\/v2\/pages\/7528\/revisions\/7561"}],"up":[{"embeddable":true,"href":"https:\/\/usurbil1936.eus\/es\/wp-json\/wp\/v2\/pages\/7508"}],"wp:attachment":[{"href":"https:\/\/usurbil1936.eus\/es\/wp-json\/wp\/v2\/media?parent=7528"}],"curies":[{"name":"wp","href":"https:\/\/api.w.org\/{rel}","templated":true}]}}

<h2 class="wp-block-heading"><strong>T-4 trinchera </strong></h2>



<div class="wp-block-columns is-layout-flex wp-container-core-columns-is-layout-28f84493 wp-block-columns-is-layout-flex">
<div class="wp-block-column is-layout-flow wp-block-column-is-layout-flow" style="flex-basis:66.66%">
<p>Las trincheras de Andatza se han visto muy afectadas por las labores de reforestación puestas en marcha desde los años 50. Por ese motivo, gran parte del material asociado y su morfología original ha desaparecido. Sin embargo, esta trinchera, situada junto al cortafuegos, es <strong>la que mejor conservó los restos arqueológicos de la guerra.</strong>  </p>



<p>Durante la excavación arqueológica de 2022 <strong>se recuperaron más de 800 piezas</strong>. Su naturaleza es variada, aunque el 95,5% del material corresponde a material bélico. El 4,5% restante lo componen objetos de la vida cotidiana, como restos de botellas, platos de loza y metal, latas o cubiertos o restos de periódico, pero también un lapicero o una alpargata.</p>
</div>



<div class="wp-block-column is-layout-flow wp-block-column-is-layout-flow" style="flex-basis:33.33%">
<figure class="wp-block-image aligncenter size-large is-resized"><img loading="lazy" decoding="async" width="708" height="1024" src="https://usurbil1936.eus/wp-content/uploads/2024/03/Platerak-balak-2-1-708x1024.jpg" alt="" class="wp-image-7417" style="width:400px" srcset="https://usurbil1936.eus/wp-content/uploads/2024/03/Platerak-balak-2-1-708x1024.jpg 708w, https://usurbil1936.eus/wp-content/uploads/2024/03/Platerak-balak-2-1-208x300.jpg 208w, https://usurbil1936.eus/wp-content/uploads/2024/03/Platerak-balak-2-1-768x1110.jpg 768w, https://usurbil1936.eus/wp-content/uploads/2024/03/Platerak-balak-2-1-1062x1536.jpg 1062w, https://usurbil1936.eus/wp-content/uploads/2024/03/Platerak-balak-2-1.jpg 1124w" sizes="auto, (max-width: 708px) 100vw, 708px" /></figure>
</div>
</div>



<figure class="wp-block-image size-full"><img loading="lazy" decoding="async" width="567" height="542" src="https://usurbil1936.eus/wp-content/uploads/2024/03/t-4-lubakian-1.png" alt="" class="wp-image-7424" srcset="https://usurbil1936.eus/wp-content/uploads/2024/03/t-4-lubakian-1.png 567w, https://usurbil1936.eus/wp-content/uploads/2024/03/t-4-lubakian-1-300x287.png 300w" sizes="auto, (max-width: 567px) 100vw, 567px" /></figure>



<p>El lugar en que se ubica esta trinchera es un <strong>punto estratégico</strong> para controlar el lado más occidental de sistema defensivo del monte Andatza. Es una posición alta que mira al suroeste con el objetivo de tener control visual sobre el paso de las estribaciones EskalTzu-Ziordia, en el límite entre Usurbil y Zizurkil. Servía de apoyo central entre las posiciones de los montes Peusgarate y Ondarbiribil, extendiéndose la línea del frente por las estribaciones del monte hasta Zarateaitz, que le acompañaría hasta el monte Hernio y más allá.  </p>



<div style="height:30px" aria-hidden="true" class="wp-block-spacer"></div>



<h3 class="wp-block-heading"><strong>Una posición no conquistada</strong></h3>



<p>El estudio documental nos ha mostrado cómo los sublevados realizaron varios ataques sobre esta línea del frente, pero que no consiguieron tomar la posición. La excavación arqueológica realizada en esta trinchera indica que las tropas republicanas resistieron con fuerza los asaltos del bando golpista, lo que causó numerosas bajas fascistas. </p>



<p></p>

<p>T-4 trinchera Las trincheras de Andatza se han visto muy afectadas por las labores de reforestación puestas en marcha desde los años 50. Por ese motivo, gran parte del material asociado y su morfología original ha desaparecido. Sin embargo, esta trinchera, situada junto al cortafuegos, es la que mejor conservó los restos arqueológicos de la [&hellip;]</p>
