{"id":8007,"date":"2024-08-19T11:33:48","date_gmt":"2024-08-19T09:33:48","guid":{"rendered":"https:\/\/usurbil1936.eus\/ruta-de-la-memoria\/"},"modified":"2024-10-08T22:31:05","modified_gmt":"2024-10-08T20:31:05","slug":"ruta-de-la-memoria","status":"publish","type":"page","link":"https:\/\/usurbil1936.eus\/es\/rutas\/ruta-de-la-memoria\/","title":{"rendered":"Ruta de la Memoria"},"content":{"rendered":"\n<p>La guerra que causaron los militares cuando se sublevaron contra la Rep\u00fablica en julio de 1936, dej\u00f3 una profunda huella tambi\u00e9n en Usurbil. Con los datos, documentos y testimonios recabados hasta el momento, hemos establecido una Ruta de la Memoria al objeto de poner a disposici\u00f3n de quien lo desee la informaci\u00f3n b\u00e1sica sobre lo sucedido. Gracias a los ocho espacios se\u00f1alizados y a los correspondientes c\u00f3digos QR se puede realizar la ruta individualmente. Con el fin de mantener una coherencia m\u00ednima, se recomienda seguir el orden num\u00e9rico, es decir, del 1 al 8.   <\/p>\n\n<p><\/p>\n\n<div style=\"height:20px\" aria-hidden=\"true\" class=\"wp-block-spacer\"><\/div>\n","protected":false},"excerpt":{"rendered":"<p>La guerra que causaron los militares cuando se sublevaron contra la Rep\u00fablica en julio de 1936, dej\u00f3 una profunda huella tambi\u00e9n en Usurbil. Con los datos, documentos y testimonios recabados hasta el momento, hemos establecido una Ruta de la Memoria al objeto de poner a disposici\u00f3n de quien lo desee la informaci\u00f3n b\u00e1sica sobre lo [&hellip;]<\/p>\n","protected":false},"author":1,"featured_media":2184,"parent":8040,"menu_order":0,"comment_status":"closed","ping_status":"closed","template":"page-ibilbideak.php","meta":{"footnotes":""},"class_list":["post-8007","page","type-page","status-publish","has-post-thumbnail","hentry"],"acf":[],"_links":{"self":[{"href":"https:\/\/usurbil1936.eus\/es\/wp-json\/wp\/v2\/pages\/8007","targetHints":{"allow":["GET"]}}],"collection":[{"href":"https:\/\/usurbil1936.eus\/es\/wp-json\/wp\/v2\/pages"}],"about":[{"href":"https:\/\/usurbil1936.eus\/es\/wp-json\/wp\/v2\/types\/page"}],"author":[{"embeddable":true,"href":"https:\/\/usurbil1936.eus\/es\/wp-json\/wp\/v2\/users\/1"}],"replies":[{"embeddable":true,"href":"https:\/\/usurbil1936.eus\/es\/wp-json\/wp\/v2\/comments?post=8007"}],"version-history":[{"count":2,"href":"https:\/\/usurbil1936.eus\/es\/wp-json\/wp\/v2\/pages\/8007\/revisions"}],"predecessor-version":[{"id":8048,"href":"https:\/\/usurbil1936.eus\/es\/wp-json\/wp\/v2\/pages\/8007\/revisions\/8048"}],"up":[{"embeddable":true,"href":"https:\/\/usurbil1936.eus\/es\/wp-json\/wp\/v2\/pages\/8040"}],"wp:featuredmedia":[{"embeddable":true,"href":"https:\/\/usurbil1936.eus\/es\/wp-json\/wp\/v2\/media\/2184"}],"wp:attachment":[{"href":"https:\/\/usurbil1936.eus\/es\/wp-json\/wp\/v2\/media?parent=8007"}],"curies":[{"name":"wp","href":"https:\/\/api.w.org\/{rel}","templated":true}]}}

<p>La guerra que causaron los militares cuando se sublevaron contra la República en julio de 1936, dejó una profunda huella también en Usurbil. Con los datos, documentos y testimonios recabados hasta el momento, hemos establecido una Ruta de la Memoria al objeto de poner a disposición de quien lo desee la información básica sobre lo sucedido. Gracias a los ocho espacios señalizados y a los correspondientes códigos QR se puede realizar la ruta individualmente. Con el fin de mantener una coherencia mínima, se recomienda seguir el orden numérico, es decir, del 1 al 8.   </p>

<p></p>

<div style="height:20px" aria-hidden="true" class="wp-block-spacer"></div>

<p>La guerra que causaron los militares cuando se sublevaron contra la República en julio de 1936, dejó una profunda huella también en Usurbil. Con los datos, documentos y testimonios recabados hasta el momento, hemos establecido una Ruta de la Memoria al objeto de poner a disposición de quien lo desee la información básica sobre lo [&hellip;]</p>
